 of i**3/6 + 4*i**2 - 11*i. Determine r(-9).
-1
Suppose p + 0 - 2 = 3*g, 0 = 2*p - 5*g - 2. Let i(n) = n + 3. Let u(k) = 2*k + 5. Let j(f) = -5*i(f) + 3*u(f). Give j(p).
-4
Let z(m) be the second derivative of -m**4/12 + m**2 + m. Let w be z(-2). Let v be ((w - -1) + 0)*-3. Let b(c) = 2*c + 1. Calculate b(v).
7
Let v(u) be the third derivative of -u**6/120 - u**5/60 + u**4/12 + u**2. Suppose 0 = n - 7*n - 12. Give v(n).
0
Let b(l) = -l + 2*l + 2 + 0*l - 5. Determine b(3).
0
Suppose -6*w - 5*o + 15 = -w, 5*o - 27 = w. Let g(d) = 21*d**2 + 16*d - 5. Let q(b) = -4*b**2 - 3*b + 1. Let f(u) = 2*g(u) + 11*q(u). What is f(w)?
-5
Suppose 5*f + 77 - 14 = -2*y, 2*f - 3*y + 10 = 0. Let v(b) = -b**3 - 12*b**2 - 12*b - 4. Calculate v(f).
7
Let v(p) = -6*p**3 - p**2 - p - 1. Suppose -5*t + 4 = -3*w + 5*w, 5*w - 27 = -4*t. Let z be 2/(-4)*(-5 + w). Give v(z).
5
Suppose 3 + 7 = 5*b + 5*l, 2*l + 4 = 0. Let q(p) = p**3 - 2*p**2 - 5*p - 2. Calculate q(b).
10
Suppose -3*c + 4 = -y, 40 = 5*c - 0*c + 5*y. Let r(l) = l**3 - 3*l**2 + l. Determine r(c).
3
Let y(w) = -7*w**2 + w - 7. Let g(x) = 20*x**2 - 4*x + 21. Let n(h) = -6*g(h) - 17*y(h). Let r(b) = -16*b**2 - 1 + 17*b**2 - 3. Let m be r(3). Give n(m).
3
Let l = 11 - 17. Let k(j) be the third derivative of -j**6/120 - j**5/12 + 7*j**4/24 + 5*j**3/6 + 27*j**2. What is k(l)?
-1
Let h = -28 + 16. Let b be 33/12 + (-3)/h. Let l(m) = -m**2 - m**b + 4*m - 3*m - 2*m. Give l(0).
0
Let u(b) be the first derivative of -b**2 - 2*b + 27. Determine u(2).
-6
Let u = 8 - 4. Let y(k) = k**2 - k - 1. Let m be y(u). Let g(i) = -2*i**2 - 2*i**2 + m*i**2 - 1. Calculate g(1).
6
Let r(f) = 2 - 106*f + 206*f - 101*f. What is r(-6)?
8
Suppose -17 + 2 = -3*x. Let t(m) = m**3 - 6*m**2 + 6*m. Let u be t(x). Let s(v) = -v**3 + 5*v**2 - v - 6. Calculate s(u).
-11
Let d be (-4)/48*4 - (-14)/(-3). Let w(y) = y**3 + 5*y**2 + 7. What is w(d)?
7
Let y(m) = -m**3 - m**2 + m + 5. Suppose -15 = -5*v - 0*v. Suppose 5*o - 2*j = 4, v = -2*o - 3*j - 3. What is y(o)?
5
Let w(d) = 3*d**2 - 4 + 2 - 1 - d**3. Suppose b = -5*h + 30, -b - 3*b + 35 = 3*h. Suppose -2 = x - h. What is w(x)?
-3
Let k(p) be the third derivative of -7*p**6/120 + p**5/30 - p**3/6 + 6*p**2. Determine k(1).
-6
Let t(w) = -6*w**2 - w. Suppose -3*g - g + 13 = o, -g + 27 = 5*o. Let p be (-1)/4 - 10/(-8). Let u = g - p. Calculate t(u).
-7
Let h(f) = 0*f**2 + 3*f**2 - 6*f - 2 - 4*f**2 + 8. Determine h(-7).
-1
Suppose 0 = 2*k - 0 - 4. Let l(w) = 2 + w**k + w**2 - w**2. Let j be (-2 - 2) + 3 - (-4 - -3). What is l(j)?
2
Let h(k) = -k - 1. Let t be 20/2 - (-4)/(-2). Suppose 0 = 3*j - 0*j - n - 1, 2*n = -t. What is h(j)?
0
Let a(p) = 7 - 16*p**2 - 4 + 15*p**2 - 7*p. Determine a(-7).
3
Let h(w) = 87 - 6*w + 4*w - 84. Calculate h(5).
-7
Let q(f) = -3 - 4*f + 2 - 3. Let s(w) = 10*w**2 - w. Let i be s(-1). Let y = 8 - i. Calculate q(y).
8
Let z(w) = -w + 1. Let i be z(-1). Let c(t) = -2*t**3 + t**i - 4*t + t**3 - 3 - 4*t**2. Determine c(-2).
1
Let i(m) = -4*m**3 - 22*m**2 + 16*m + 15. Let s(l) = -l**3 - 7*l**2 + 5*l + 5. Let g(z) = -2*i(z) + 7*s(z). Give g(4).
1
Let c = 20 + -25. Let n(s) = 7*s**3 + 12*s**2 + 4*s - 1. Let d(i) = 6*i**3 + 11*i**2 + 4*i - 2. Let g(x) = 6*d(x) - 5*n(x). Calculate g(c).
-2
Let r(o) = -o**2 + 16*o - 13. Let x be r(15). Let f(n) be the second derivative of 0 + 2*n + 4*n**x - 5/6*n**3 - 1/20*n**5 - 7/12*n**4. Determine f(-6).
2
Let a(h) = 5*h**2 + 2*h + 1. Suppose 2*q + 0 = -4*r - 6, 0 = -2*r + 4*q + 2. What is a(r)?
4
Let u(o) = -o**2 + 3*o + 12. Let k be u(5). Let a(l) = -2*l**3 + 4*l**2 - 2*l - 2. Calculate a(k).
-6
Let f = 41 - 42. Let j(k) = 2*k**2 - 2*k - 1. Determine j(f).
3
Let g be 1 - 4 - 21/(-3). Let y(x) = x**3 - 5*x**2 + 5*x + 1. What is y(g)?
5
Let v(l) be the third derivative of -l**6/40 + l**5/60 + l**4/12 + l**3/6 + 17*l**2. Give v(-1).
3
Let s = -66 - -69. Let a(c) = 3*c + c - 5*c. Calculate a(s).
-3
Let k be (2 - -1)*(-1)/(-1). Suppose 0 = 5*a - k - 2. Let p(x) = -3*x**2 + x. Calculate p(a).
-2
Let b(x) = x**2 + 1. Let l(r) = -r**2 - 3*r. Let m(n) = -3*b(n) - l(n). Suppose -3*c + 6 + 0 = 0. Determine m(c).
-5
Let z be ((-2)/3)/(54/81). Let b(u) = -u**2 - u. What is b(z)?
0
Let z(j) = 9*j - 37. Let l(k) = -5*k + 19. Suppose i = -i. Suppose i = 3*d - r - 25 - 8, 3*d + r = 33. Let f(o) = d*l(o) + 6*z(o). Calculate f(-6).
-7
Suppose -5*v - 7 = -4*v. Let k = -7 - v. Let g(l) = -l + 7. Calculate g(k).
7
Let k(o) = 5*o + 3. Let f(w) = -w. Let i(n) = n**2 - 8*n + 9. Let v be i(6). Let b(c) = v*f(c) - k(c). What is b(-3)?
3
Let v(x) = x**2 - 2*x - 5. Let z(f) = -f**3 - 5*f**2 + 4. Let u be z(-5). Give v(u).
3
Let i = -8 + 13. Suppose -i = -v - 3. Let l be 1/v*-1*10. Let s(n) = n**2 + 4*n - 1. What is s(l)?
4
Let h(r) = r**2 + 12*r + 4. Let a = 7 - 5. Let n(b) = b - b + b - a*b. Let k(m) = -h(m) - 6*n(m). Give k(-3).
5
Suppose -2*i = -2*g - 2, 3*g - 4*i + 8*i = 4. Let v(j) = 2 - j - 8 + 0. Determine v(g).
-6
Let k be 52/12 + (-2)/6. Let d be k/(-10) + (-17)/(-5). Let f(j) = 2 - 4 + 3 + j**d - j. Determine f(-2).
-5
Let o(v) = -v - 1 - 1 + 2*v**2 + 2*v**2 + 3*v. Calculate o(2).
18
Let u(q) = 3*q**2 + 29*q + 14. Let w(t) = t**2 + 10*t + 5. Let z(k) = -3*u(k) + 8*w(k). Calculate z(-7).
-2
Let z(r) = -11*r**2 - 18*r + 5. Let g(f) = 7*f**2 + 12*f - 3. Let n(a) = 8*g(a) + 5*z(a). Calculate n(-6).
1
Let r(q) = -q**3 - 6*q**2 - 2*q - 3. Let j be ((-45)/(-12))/(2/(-8)). Let z = 9 + j. Determine r(z).
9
Let n = 3 - 7. Let f(t) be the third derivative of -t**3 + 3*t**2 + 0*t + 0 - 1/8*t**4. Determine f(n).
6
Let t(b) = 2*b**2 - 13*b - 9. Let f(q) = -q**2 + 6*q + 4. Let v(u) = 13*f(u) + 6*t(u). Give v(0).
-2
Let u be (6/10)/((-6)/(-30)). Let q(o) = 0*o**u - o**3 + o + 5*o**3 - 3*o**3 - 6*o**2. Give q(6).
6
Let w(g) be the first derivative of -11*g**3/3 + g - 5. Determine w(-1).
-10
Let l(i) = i**3 + 5*i**2 - 7*i - 4. Let b be l(-6). Let z = 3 + -1. Let j(t) = 0*t**2 - t**2 - t + 0*t**2 + z. Determine j(b).
-4
Let y(g) = -1 - 4 - 4 + g**2 + 3*g + 4. Give y(-5).
5
Let y(g) be the first derivative of g**3/3 + 3*g**2 - 7*g - 3. Give y(-7).
0
Suppose 0 = -5*p + 5*q + 15, 2*p + 2*p + 2*q = 6. Let c(u) = u + 3. Let d(r) = -r - 2. Let h(y) = 4*c(y) + 5*d(y). Calculate h(p).
0
Let f(j) = 3 + 8*j**2 - j**3 + 8*j + 2 + 3*j**3 - 3. Suppose 3*u = -9 - 3. Let k(w) = 2*w**3 + 7*w**2 + 7*w + 2. Let d(c) = u*k(c) + 3*f(c). Calculate d(-2).
6
Let w(i) = i - 2. Let x(v) = -8 - 1 + 3 + 3*v. Let o(n) = 11*w(n) - 4*x(n). Calculate o(0).
2
Let s(j) = -j - 4. Let x be s(-4). Suppose t + 3*t - 24 = x. Let o(a) = -a**2 + 7*a - 4. Give o(t).
2
Let g(j) = -j**3 + j**2 + 0 - 1 + 3 + 3*j. Suppose -4*w - 2*p = -36, -p + 25 = 3*w - 0*p. Let z = w + -4. What is g(z)?
-7
Let h(v) be the second derivative of v**4/12 - v**3/6 - 10*v**2 - 3*v. Let t be h(0). Let r be (1/5)/((-4)/t). Let d(k) = 8*k. Give d(r).
8
Let l(q) be the third derivative of q**6/720 - q**5/60 - q**4/12 - 6*q**2. Let w(x) be the second derivative of l(x). Calculate w(-6).
-8
Let s(j) = -j - 2. Let r be s(-9). Let u(h) = -h**3 + 6*h**2 + 7*h + 1. Determine u(r).
1
Let t(q) be the second derivative of q**6/120 - q**5/30 + q**4/8 - q**3/6 - q**2/2 + 4*q. Let d(v) be the first derivative of t(v). Determine d(2).
5
Let l(j) = 0*j + 1 + 39*j**2 - 42*j**2 - 2*j. Determine l(-2).
-7
Let q(u) be the second derivative of -u**3/6 + u**2 - u. Suppose a + 0*a - 1 = 3*r, 0 = -5*a + 5*r + 55. Let m be (-5)/(-25) - a/5. Give q(m).
5
Suppose -g + 5*t - 20 = 0, -2 = -5*g + t - 6. Let j(v) be the third derivative of g*v + 2*v**2 + 1/12*v**4 - 1/2*v**3 + 0. Determine j(5).
7
Suppose y - 5 = -w, 5*y + 4 = -w + 49. Let t = -7 + y. Let l(b) = -t*b**2 + b - 7*b**3 + 3*b**2. What is l(1)?
-6
Let k(d) = d**3 - 5*d**2 + 4*d - 5. Let h(n) = n**2 + 8 + 7 - 265*n + 253*n. Let g be h(11). Give k(g).
-5
Let b(j) = j - 19. Let a = -9 - -25. Let x be b(a). Let t(w) = 2 - 3 - 3*w - 1. Calculate t(x).
7
Let f be ((-9)/6)/((-9)/12). Let i(x) = 2*x**2 - 10*x**f + x**2 + 3*x - x - 1. What is i(1)?
-6
Let t(y) = -y**2 + 6*y. Let o(s) = 6*s + 6*s + 9*s**2 - 4*s**2 + 1 - 7*s**2. Let z(m) = 4*o(m) - 9*t(m). Calculate z(5).
-1
Suppose a + 3*q - 19 = -q, -20 = -5*q. Let c(s) = 3*s**2 - 4*s. Calculate c(a).
15
Suppose -7 = 2*h + 2*o - 3, 0 = 5*h + o - 2. Let x(b) be the first der